{"id":12,"date":"2023-09-18T20:27:07","date_gmt":"2023-09-18T18:27:07","guid":{"rendered":"https:\/\/cistea.fr\/?page_id=12"},"modified":"2025-03-04T01:01:24","modified_gmt":"2025-03-04T00:01:24","slug":"les-fleurs-de-bach","status":"publish","type":"page","link":"https:\/\/cistea.fr\/index.php\/les-fleurs-de-bach\/","title":{"rendered":"Les Fleurs de Bach"},"content":{"rendered":"\n<div class=\"wp-block-group is-layout-constrained wp-block-group-is-layout-constrained\">\n<div class=\"wp-block-media-text is-stacked-on-mobile\" style=\"grid-template-columns:20% auto\"><figure class=\"wp-block-media-text__media\"><img loading=\"lazy\" decoding=\"async\" width=\"768\" height=\"1024\" src=\"http:\/\/cistea.fr\/wp-content\/uploads\/2023\/12\/plumbago768-1024.jpg\" alt=\"\" class=\"wp-image-54 size-full\" srcset=\"https:\/\/cistea.fr\/wp-content\/uploads\/2023\/12\/plumbago768-1024.jpg 768w, https:\/\/cistea.fr\/wp-content\/uploads\/2023\/12\/plumbago768-1024-225x300.jpg 225w\" sizes=\"auto, (max-width: 768px) 100vw, 768px\" \/><\/figure><div class=\"wp-block-media-text__content\">\n<p class=\"has-primary-color has-text-color has-link-color wp-elements-176c34c819d07fd0812922dc2e05c467\"><em>\u00ab\u00a0Traiter la personne non le mal .Traiter la cause non les effets. Tant que l&rsquo;\u00e2me, le corps et l&rsquo;esprit sont en harmonie, rien ne peut nous affecter<\/em>\u00a0\u00bb <\/p>\n\n\n\n<p class=\"has-primary-color has-text-color has-link-color wp-elements-e26004fddee6925a59ed059e91526c93\"><em>Docteur Bach<\/em><\/p>\n<\/div><\/div>\n<\/div>\n\n\n\n<p>Dans les ann\u00e9es 30, le Dr Bach abandonne la m\u00e9decine allopathique pour se consacrer \u00e0 l\u2019hom\u00e9opathie. Dans sa campagne galloise, il observe les plantes et les fleurs dans leur environnement et \u00e9tudie leur capacit\u00e9 de survie, leur syst\u00e8me reproductif. Il trouve des similitudes avec le comportement humain et recherche des plantes qui pourraient am\u00e9liorer la gestion des \u00e9motions souvent \u00e0 la source de nombreux sympt\u00f4mes. Il  s\u00e9lectionne 38 fleurs qui correspondent aux \u00e9tats \u00e9motionnels les plus courants et cr\u00e9e les \u00e9lixirs que l&rsquo;on conna\u00eet aujourd&rsquo;hui.<\/p>\n\n\n\n<h4 class=\"wp-block-heading has-text-color has-link-color has-large-font-size wp-elements-af299fbc4b0579b0f76ba319bda27a0b\" style=\"color:#4d8e76e0\"><strong>Les fleurs de Bach viennent  harmoniser un \u00e9tat \u00e9motionnel <\/strong><\/h4>\n\n\n\n<p>Ces \u00e9lixirs floraux nous aident \u00e0 surmonter des p\u00e9riodes difficiles dans nos vies ( deuils, d\u00e9primes passag\u00e8res) \u00e0 \u00e9quilibrer nos \u00e9tats \u00e9motionnels du moment (stress, col\u00e8re, tristesse&#8230;) \u00e0 harmoniser notre mani\u00e8re d&rsquo;appr\u00e9hender le quotidien, dans la communication avec les autres, mais aussi \u00e0 retrouver l&rsquo;entrain, d\u00e9passer les peurs et gagner en  confiance ou en estime de soi&#8230;<\/p>\n\n\n\n<h4 class=\"wp-block-heading has-text-color has-link-color has-large-font-size wp-elements-752d62083d045380f5a0decbf493e5d3\" style=\"color:#4d8e76e0\"><strong> Pour un accompagnement ponctuel<\/strong><\/h4>\n\n\n\n<p>Les \u00e9lixirs permettent d\u2019\u00e9quilibrer une \u00e9motion pour des contrari\u00e9t\u00e9s passag\u00e8res ou un trop plein \u00ab\u00a0soudain\u00a0\u00bb comme la peur d\u2019un enfant \u00e0 la veille de la rentr\u00e9e scolaire, lors d&rsquo;un cauchemar, celle d&rsquo;un \u00e9tudiant juste avant un examen&#8230;<\/p>\n\n\n\n<h4 class=\"wp-block-heading has-text-color has-link-color has-large-font-size wp-elements-912994f96df2c796f9f61333fe5435d5\" style=\"color:#4d8e76e0\"><strong>Pour une utilisation r\u00e9guli\u00e8re <\/strong><\/h4>\n\n\n\n<p>L&rsquo;accompagnement va permettre d&rsquo;identifier les blessures \u00e9motionnelles profondes afin de mieux les comprendre et de les d\u00e9nouer. Les \u00e9lixirs viennent en soutien tout au long de cette harmonisation. Il se d\u00e9gage la fleur de typologie, celle qui r\u00e9pond aux \u00e9motions r\u00e9currentes et \u00e9quilibre votre \u00e9tat \u00e9motionnel en toutes circonstances. <\/p>\n\n\n\n<p> Le docteur Bach  a d\u00e9termin\u00e9 12 fleurs diff\u00e9rentes qui correspondent  aux \u00e9tats \u00e9motionnels les plus courants, les \u00ab\u00a0douze gu\u00e9risseurs\u00a0\u00bb .<\/p>\n\n\n\n<p>Je vous invite \u00e0 d\u00e9couvrir au cours des consultations votre fleur \u00ab\u00a0doudou\u00a0\u00bb. C&rsquo;est une enqu\u00eate qui fait partie du cheminement personnel vers une meilleurs connaissance de soi.<\/p>\n\n\n\n<h4 class=\"wp-block-heading has-text-color has-link-color has-large-font-size wp-elements-26167964e907ed3419330dc493082bfe\" style=\"color:#4d8e76e0\"><strong>Pr\u00e9cautions<\/strong><\/h4>\n\n\n\n<p>Il n\u2019y a aucun effet secondaire, ces \u00e9lixirs sont accessibles \u00e0 tous. Il est toutefois recommand\u00e9 d\u2019utiliser les \u00e9lixirs sans alcool pour les femmes enceintes, les enfants (et pour vos animaux de compagnie) .<\/p>\n","protected":false},"excerpt":{"rendered":"<p>\u00ab\u00a0Traiter la personne non le mal .Traiter la cause non les effets. Tant que l&rsquo;\u00e2me, le corps et l&rsquo;esprit sont en harmonie, rien ne peut nous affecter\u00a0\u00bb Docteur Bach Dans les ann\u00e9es 30, le Dr Bach abandonne la m\u00e9decine allopathique pour se consacrer \u00e0 l\u2019hom\u00e9opathie. Dans sa campagne galloise, il observe les plantes et les [&hellip;]<\/p>\n","protected":false},"author":1,"featured_media":0,"parent":0,"menu_order":4,"comment_status":"closed","ping_status":"closed","template":"","meta":{"footnotes":""},"class_list":["post-12","page","type-page","status-publish","hentry"],"yoast_head":"<!-- This site is optimized with the Yoast SEO plugin v26.8 - https:\/\/yoast.com\/product\/yoast-seo-wordpress\/ -->\n<title>Les Fleurs de Bach - CISTEA<\/title>\n<meta name=\"robots\" content=\"index, follow, max-snippet:-1, max-image-preview:large, max-video-preview:-1\" \/>\n<link rel=\"canonical\" href=\"https:\/\/cistea.fr\/index.php\/les-fleurs-de-bach\/\" \/>\n<meta property=\"og:locale\" content=\"fr_FR\" \/>\n<meta property=\"og:type\" content=\"article\" \/>\n<meta property=\"og:title\" content=\"Les Fleurs de Bach - CISTEA\" \/>\n<meta property=\"og:description\" content=\"\u00ab\u00a0Traiter la personne non le mal .Traiter la cause non les effets. Tant que l&rsquo;\u00e2me, le corps et l&rsquo;esprit sont en harmonie, rien ne peut nous affecter\u00a0\u00bb Docteur Bach Dans les ann\u00e9es 30, le Dr Bach abandonne la m\u00e9decine allopathique pour se consacrer \u00e0 l\u2019hom\u00e9opathie. Dans sa campagne galloise, il observe les plantes et les [&hellip;]\" \/>\n<meta property=\"og:url\" content=\"https:\/\/cistea.fr\/index.php\/les-fleurs-de-bach\/\" \/>\n<meta property=\"og:site_name\" content=\"CISTEA\" \/>\n<meta property=\"article:modified_time\" content=\"2025-03-04T00:01:24+00:00\" \/>\n<meta property=\"og:image\" content=\"https:\/\/cistea.fr\/wp-content\/uploads\/2023\/12\/plumbago768-1024.jpg\" \/>\n\t<meta property=\"og:image:width\" content=\"768\" \/>\n\t<meta property=\"og:image:height\" content=\"1024\" \/>\n\t<meta property=\"og:image:type\" content=\"image\/jpeg\" \/>\n<meta name=\"twitter:card\" content=\"summary_large_image\" \/>\n<meta name=\"twitter:label1\" content=\"Dur\u00e9e de lecture estim\u00e9e\" \/>\n\t<meta name=\"twitter:data1\" content=\"2 minutes\" \/>\n<script type=\"application\/ld+json\" class=\"yoast-schema-graph\">{\"@context\":\"https:\/\/schema.org\",\"@graph\":[{\"@type\":\"WebPage\",\"@id\":\"https:\/\/cistea.fr\/index.php\/les-fleurs-de-bach\/\",\"url\":\"https:\/\/cistea.fr\/index.php\/les-fleurs-de-bach\/\",\"name\":\"Les Fleurs de Bach - CISTEA\",\"isPartOf\":{\"@id\":\"https:\/\/cistea.fr\/#website\"},\"primaryImageOfPage\":{\"@id\":\"https:\/\/cistea.fr\/index.php\/les-fleurs-de-bach\/#primaryimage\"},\"image\":{\"@id\":\"https:\/\/cistea.fr\/index.php\/les-fleurs-de-bach\/#primaryimage\"},\"thumbnailUrl\":\"http:\/\/cistea.fr\/wp-content\/uploads\/2023\/12\/plumbago768-1024.jpg\",\"datePublished\":\"2023-09-18T18:27:07+00:00\",\"dateModified\":\"2025-03-04T00:01:24+00:00\",\"breadcrumb\":{\"@id\":\"https:\/\/cistea.fr\/index.php\/les-fleurs-de-bach\/#breadcrumb\"},\"inLanguage\":\"fr-FR\",\"potentialAction\":[{\"@type\":\"ReadAction\",\"target\":[\"https:\/\/cistea.fr\/index.php\/les-fleurs-de-bach\/\"]}]},{\"@type\":\"ImageObject\",\"inLanguage\":\"fr-FR\",\"@id\":\"https:\/\/cistea.fr\/index.php\/les-fleurs-de-bach\/#primaryimage\",\"url\":\"https:\/\/cistea.fr\/wp-content\/uploads\/2023\/12\/plumbago768-1024.jpg\",\"contentUrl\":\"https:\/\/cistea.fr\/wp-content\/uploads\/2023\/12\/plumbago768-1024.jpg\",\"width\":768,\"height\":1024},{\"@type\":\"BreadcrumbList\",\"@id\":\"https:\/\/cistea.fr\/index.php\/les-fleurs-de-bach\/#breadcrumb\",\"itemListElement\":[{\"@type\":\"ListItem\",\"position\":1,\"name\":\"Accueil\",\"item\":\"https:\/\/cistea.fr\/\"},{\"@type\":\"ListItem\",\"position\":2,\"name\":\"Les Fleurs de Bach\"}]},{\"@type\":\"WebSite\",\"@id\":\"https:\/\/cistea.fr\/#website\",\"url\":\"https:\/\/cistea.fr\/\",\"name\":\"CISTEA\",\"description\":\"Etre bien au naturel\",\"publisher\":{\"@id\":\"https:\/\/cistea.fr\/#organization\"},\"potentialAction\":[{\"@type\":\"SearchAction\",\"target\":{\"@type\":\"EntryPoint\",\"urlTemplate\":\"https:\/\/cistea.fr\/?s={search_term_string}\"},\"query-input\":{\"@type\":\"PropertyValueSpecification\",\"valueRequired\":true,\"valueName\":\"search_term_string\"}}],\"inLanguage\":\"fr-FR\"},{\"@type\":\"Organization\",\"@id\":\"https:\/\/cistea.fr\/#organization\",\"name\":\"CISTEA\",\"url\":\"https:\/\/cistea.fr\/\",\"logo\":{\"@type\":\"ImageObject\",\"inLanguage\":\"fr-FR\",\"@id\":\"https:\/\/cistea.fr\/#\/schema\/logo\/image\/\",\"url\":\"https:\/\/cistea.fr\/wp-content\/uploads\/2024\/02\/Logo.png\",\"contentUrl\":\"https:\/\/cistea.fr\/wp-content\/uploads\/2024\/02\/Logo.png\",\"width\":842,\"height\":612,\"caption\":\"CISTEA\"},\"image\":{\"@id\":\"https:\/\/cistea.fr\/#\/schema\/logo\/image\/\"}}]}<\/script>\n<!-- \/ Yoast SEO plugin. -->","yoast_head_json":{"title":"Les Fleurs de Bach - CISTEA","robots":{"index":"index","follow":"follow","max-snippet":"max-snippet:-1","max-image-preview":"max-image-preview:large","max-video-preview":"max-video-preview:-1"},"canonical":"https:\/\/cistea.fr\/index.php\/les-fleurs-de-bach\/","og_locale":"fr_FR","og_type":"article","og_title":"Les Fleurs de Bach - CISTEA","og_description":"\u00ab\u00a0Traiter la personne non le mal .Traiter la cause non les effets. Tant que l&rsquo;\u00e2me, le corps et l&rsquo;esprit sont en harmonie, rien ne peut nous affecter\u00a0\u00bb Docteur Bach Dans les ann\u00e9es 30, le Dr Bach abandonne la m\u00e9decine allopathique pour se consacrer \u00e0 l\u2019hom\u00e9opathie. Dans sa campagne galloise, il observe les plantes et les [&hellip;]","og_url":"https:\/\/cistea.fr\/index.php\/les-fleurs-de-bach\/","og_site_name":"CISTEA","article_modified_time":"2025-03-04T00:01:24+00:00","og_image":[{"width":768,"height":1024,"url":"https:\/\/cistea.fr\/wp-content\/uploads\/2023\/12\/plumbago768-1024.jpg","type":"image\/jpeg"}],"twitter_card":"summary_large_image","twitter_misc":{"Dur\u00e9e de lecture estim\u00e9e":"2 minutes"},"schema":{"@context":"https:\/\/schema.org","@graph":[{"@type":"WebPage","@id":"https:\/\/cistea.fr\/index.php\/les-fleurs-de-bach\/","url":"https:\/\/cistea.fr\/index.php\/les-fleurs-de-bach\/","name":"Les Fleurs de Bach - CISTEA","isPartOf":{"@id":"https:\/\/cistea.fr\/#website"},"primaryImageOfPage":{"@id":"https:\/\/cistea.fr\/index.php\/les-fleurs-de-bach\/#primaryimage"},"image":{"@id":"https:\/\/cistea.fr\/index.php\/les-fleurs-de-bach\/#primaryimage"},"thumbnailUrl":"http:\/\/cistea.fr\/wp-content\/uploads\/2023\/12\/plumbago768-1024.jpg","datePublished":"2023-09-18T18:27:07+00:00","dateModified":"2025-03-04T00:01:24+00:00","breadcrumb":{"@id":"https:\/\/cistea.fr\/index.php\/les-fleurs-de-bach\/#breadcrumb"},"inLanguage":"fr-FR","potentialAction":[{"@type":"ReadAction","target":["https:\/\/cistea.fr\/index.php\/les-fleurs-de-bach\/"]}]},{"@type":"ImageObject","inLanguage":"fr-FR","@id":"https:\/\/cistea.fr\/index.php\/les-fleurs-de-bach\/#primaryimage","url":"https:\/\/cistea.fr\/wp-content\/uploads\/2023\/12\/plumbago768-1024.jpg","contentUrl":"https:\/\/cistea.fr\/wp-content\/uploads\/2023\/12\/plumbago768-1024.jpg","width":768,"height":1024},{"@type":"BreadcrumbList","@id":"https:\/\/cistea.fr\/index.php\/les-fleurs-de-bach\/#breadcrumb","itemListElement":[{"@type":"ListItem","position":1,"name":"Accueil","item":"https:\/\/cistea.fr\/"},{"@type":"ListItem","position":2,"name":"Les Fleurs de Bach"}]},{"@type":"WebSite","@id":"https:\/\/cistea.fr\/#website","url":"https:\/\/cistea.fr\/","name":"CISTEA","description":"Etre bien au naturel","publisher":{"@id":"https:\/\/cistea.fr\/#organization"},"potentialAction":[{"@type":"SearchAction","target":{"@type":"EntryPoint","urlTemplate":"https:\/\/cistea.fr\/?s={search_term_string}"},"query-input":{"@type":"PropertyValueSpecification","valueRequired":true,"valueName":"search_term_string"}}],"inLanguage":"fr-FR"},{"@type":"Organization","@id":"https:\/\/cistea.fr\/#organization","name":"CISTEA","url":"https:\/\/cistea.fr\/","logo":{"@type":"ImageObject","inLanguage":"fr-FR","@id":"https:\/\/cistea.fr\/#\/schema\/logo\/image\/","url":"https:\/\/cistea.fr\/wp-content\/uploads\/2024\/02\/Logo.png","contentUrl":"https:\/\/cistea.fr\/wp-content\/uploads\/2024\/02\/Logo.png","width":842,"height":612,"caption":"CISTEA"},"image":{"@id":"https:\/\/cistea.fr\/#\/schema\/logo\/image\/"}}]}},"_links":{"self":[{"href":"https:\/\/cistea.fr\/index.php\/wp-json\/wp\/v2\/pages\/12","targetHints":{"allow":["GET"]}}],"collection":[{"href":"https:\/\/cistea.fr\/index.php\/wp-json\/wp\/v2\/pages"}],"about":[{"href":"https:\/\/cistea.fr\/index.php\/wp-json\/wp\/v2\/types\/page"}],"author":[{"embeddable":true,"href":"https:\/\/cistea.fr\/index.php\/wp-json\/wp\/v2\/users\/1"}],"replies":[{"embeddable":true,"href":"https:\/\/cistea.fr\/index.php\/wp-json\/wp\/v2\/comments?post=12"}],"version-history":[{"count":26,"href":"https:\/\/cistea.fr\/index.php\/wp-json\/wp\/v2\/pages\/12\/revisions"}],"predecessor-version":[{"id":640,"href":"https:\/\/cistea.fr\/index.php\/wp-json\/wp\/v2\/pages\/12\/revisions\/640"}],"wp:attachment":[{"href":"https:\/\/cistea.fr\/index.php\/wp-json\/wp\/v2\/media?parent=12"}],"curies":[{"name":"wp","href":"https:\/\/api.w.org\/{rel}","templated":true}]}}